{"id":7022,"date":"2022-12-16T13:18:26","date_gmt":"2022-12-16T13:18:26","guid":{"rendered":"https:\/\/www.partidocolombiarenaciente.co\/web\/?page_id=7022"},"modified":"2024-12-13T21:04:34","modified_gmt":"2024-12-13T21:04:34","slug":"terminos-y-condiciones","status":"publish","type":"page","link":"https:\/\/www.partidocolombiarenaciente.co\/web\/terminos-y-condiciones\/","title":{"rendered":"T\u00e9rminos y Condiciones"},"content":{"rendered":"\t\t<div data-elementor-type=\"wp-page\" data-elementor-id=\"7022\" class=\"elementor elementor-7022\" data-elementor-post-type=\"page\">\n\t\t\t\t\t\t<section class=\"elementor-section elementor-top-section elementor-element elementor-element-2e14b39 elementor-section-boxed elementor-section-height-default elementor-section-height-default\" data-id=\"2e14b39\" data-element_type=\"section\">\n\t\t\t\t\t\t<div class=\"elementor-container elementor-column-gap-default\">\n\t\t\t\t\t<div class=\"elementor-column elementor-col-100 elementor-top-column elementor-element elementor-element-9b0bd29\" data-id=\"9b0bd29\" data-element_type=\"column\">\n\t\t\t<div class=\"elementor-widget-wrap elementor-element-populated\">\n\t\t\t\t\t\t<div class=\"elementor-element elementor-element-c234fe1 elementor-widget elementor-widget-heading\" data-id=\"c234fe1\" data-element_type=\"widget\" data-widget_type=\"heading.default\">\n\t\t\t\t<div class=\"elementor-widget-container\">\n\t\t\t\t\t<h2 class=\"elementor-heading-title elementor-size-default\">T\u00c9RMINOS Y CONDICIONES DEL SITIO WEB DEL PARTIDO COLOMBIA RENACIENTE<\/h2>\t\t\t\t<\/div>\n\t\t\t\t<\/div>\n\t\t\t\t<div class=\"elementor-element elementor-element-7f3b7af elementor-widget elementor-widget-text-editor\" data-id=\"7f3b7af\" data-element_type=\"widget\" data-widget_type=\"text-editor.default\">\n\t\t\t\t<div class=\"elementor-widget-container\">\n\t\t\t\t\t\t\t\t\t<p><span style=\"font-weight: 400;\">El suscrito Presidente y Representante Legal del Partido Colombia Renaciente, partido con personer\u00eda jur\u00eddica reconocida seg\u00fan Resoluci\u00f3n No. 575 del 19 de febrero de 2019 expedida por el Consejo Nacional electoral y, la Resoluci\u00f3n 8037 de 2021 establece\u00a0 los t\u00e9rminos y condiciones\u00a0 de la Pol\u00edtica de seguridad de la informaci\u00f3n del Sitio Web del Partido Colombia Renaciente (en adelante\u00a0<\/span><b>EL SITIO PCR <\/b><a href=\"http:\/\/www.partidocolombiarenaciente.co\"><span style=\"font-weight: 400;\">www.partidocolombiarenaciente.co<\/span><\/a><span style=\"font-weight: 400;\">) que es <\/span><span style=\"font-weight: 400;\">un Partido Pol\u00edtico de base <\/span><span style=\"font-weight: 400;\">Afrodescendiente, fundado para representar los intereses de los colombianos residentes en el pa\u00eds y en el exterior pertenecientes a las comunidades \u00e9tnicas, la ni\u00f1ez, la juventud y la familia, orientado a la formulaci\u00f3n de pol\u00edticas p\u00fablicas con enfoque diferencial, con impacto en el bienestar colectivo, fieles a la filosof\u00eda Ubuntu: <\/span><b>\u201cSoy porque somos\u201d<\/b><span style=\"font-weight: 400;\">\u00a0<\/span><span style=\"font-weight: 400;\">que sostiene que cuando los dem\u00e1s est\u00e1n bien, yo tambi\u00e9n puedo estar bien<\/span><span style=\"font-weight: 400;\">,<\/span><span style=\"font-weight: 400;\">\u00a0\u00a0comprometidos con la igualdad de oportunidades, la justicia, la equidad; en el marco del respeto, la tolerancia, la inclusi\u00f3n, la dignidad, el trabajo en equipo y la transparencia<\/span><span style=\"font-weight: 400;\"> .<\/span><\/p>\t\t\t\t\t\t\t\t<\/div>\n\t\t\t\t<\/div>\n\t\t\t\t<div class=\"elementor-element elementor-element-80d48dd elementor-widget elementor-widget-text-editor\" data-id=\"80d48dd\" data-element_type=\"widget\" data-widget_type=\"text-editor.default\">\n\t\t\t\t<div class=\"elementor-widget-container\">\n\t\t\t\t\t\t\t\t\t<p><span style=\"font-weight: 400;\">En\u00a0<\/span><b>EL SITIO PCR <\/b><a href=\"http:\/\/www.partidocolombiarenaciente.co\"><span style=\"font-weight: 400;\">www.partidocolombiarenaciente.co<\/span><\/a> <b>\u00a0<\/b><span style=\"font-weight: 400;\">\u00a0 se publica informaci\u00f3n relevante frente a temas de afiliaci\u00f3n,\u00a0 avales, cuentas claras, jur\u00eddica, escuela de formaci\u00f3n y mucho mas,\u00a0 dirigida a todas las personas naturales y jur\u00eddicas que est\u00e9n interesada en consultar, conocer y realizar cualquier tramite ante el partido pol\u00edtico,\u00a0 <\/span><span style=\"font-weight: 400;\">Colombia Renaciente.<\/span><\/p>\t\t\t\t\t\t\t\t<\/div>\n\t\t\t\t<\/div>\n\t\t\t\t<div class=\"elementor-element elementor-element-c67c482 elementor-widget elementor-widget-heading\" data-id=\"c67c482\" data-element_type=\"widget\" data-widget_type=\"heading.default\">\n\t\t\t\t<div class=\"elementor-widget-container\">\n\t\t\t\t\t<h4 class=\"elementor-heading-title elementor-size-default\">1. Aceptaci\u00f3n de T\u00e9rminos y Condiciones<\/h4>\t\t\t\t<\/div>\n\t\t\t\t<\/div>\n\t\t\t\t<div class=\"elementor-element elementor-element-99dd6ad elementor-widget elementor-widget-text-editor\" data-id=\"99dd6ad\" data-element_type=\"widget\" data-widget_type=\"text-editor.default\">\n\t\t\t\t<div class=\"elementor-widget-container\">\n\t\t\t\t\t\t\t\t\t<p><span style=\"font-weight: 400;\">\u00a0Es responsabilidad de todo usuario leer los presentes t\u00e9rminos y condiciones de uso<\/span><span style=\"font-weight: 400;\">, por lo que, al acceder a <\/span><b>EL SITIO PCR<\/b> <a href=\"http:\/\/www.partidocolombiarenaciente.co\"><span style=\"font-weight: 400;\">www.partidocolombiarenaciente.co<\/span><\/a><span style=\"font-weight: 400;\">, el usuario acepta de manera incondicional y plena los t\u00e9rminos y condiciones establecidos <\/span><span style=\"font-weight: 400;\">en el presente documento. Por lo anterior, se recomienda la visita peri\u00f3dica a la secci\u00f3n de t\u00e9rminos y condiciones.<\/span><\/p>\t\t\t\t\t\t\t\t<\/div>\n\t\t\t\t<\/div>\n\t\t\t\t<div class=\"elementor-element elementor-element-221cd8a elementor-widget elementor-widget-text-editor\" data-id=\"221cd8a\" data-element_type=\"widget\" data-widget_type=\"text-editor.default\">\n\t\t\t\t<div class=\"elementor-widget-container\">\n\t\t\t\t\t\t\t\t\t<p><span style=\"font-weight: 400;\">El usuario ser\u00e1 <\/span><span style=\"font-weight: 400;\">responsable por cualquier uso indebido, anormal o il\u00edcito que se haga de <\/span><b>EL SITIO PCR<\/b><span style=\"font-weight: 400;\"> (<\/span><a href=\"http:\/\/www.partidocolombiarenaciente.co\"><span style=\"font-weight: 400;\">www.partidocolombiarenaciente.co<\/span><\/a><span style=\"font-weight: 400;\">) y sus contenidos. <\/span><\/p><ul><li style=\"font-weight: 400;\" aria-level=\"1\"><span style=\"font-weight: 400;\">Est\u00e1 Prohibido descargar las im\u00e1genes, textos y dem\u00e1s contenido publicado en la P\u00e1gina Web, a menos que expresamente se mencione lo contrario.<\/span><\/li><li style=\"font-weight: 400;\" aria-level=\"1\"><span style=\"font-weight: 400;\">Est\u00e1 Prohibido utilizar contenidos (im\u00e1genes, textos, v\u00eddeos) para publicidad sin previa autorizaci\u00f3n del Representante Legal.<\/span><\/li><li style=\"font-weight: 400;\" aria-level=\"1\"><span style=\"font-weight: 400;\">Est\u00e1 Prohibido realizar actividades t\u00e9cnicas que impidan la libre administraci\u00f3n, uso y publicaci\u00f3n de los contenidos por parte de los administradores debidamente autorizados por el Partido Colombia Renaciente.<\/span><\/li><li style=\"font-weight: 400;\" aria-level=\"1\"><span style=\"font-weight: 400;\">Est\u00e1 Prohibido\u00a0 incurrir en conductas il\u00edcitas como da\u00f1os o ataques inform\u00e1ticos, interceptaci\u00f3n de comunicaciones, infracciones al derecho de autor, uso no autorizado de terminales, usurpaci\u00f3n de identidad, revelaci\u00f3n de secretos o falsedad en los documentos.<\/span><\/li><li style=\"font-weight: 400;\" aria-level=\"1\"><span style=\"font-weight: 400;\">Est\u00e1 Prohibido\u00a0 publicar contenido pornogr\u00e1fico, injurioso, falso y en general cualquier contenido que atente contra la seguridad y la sana convivencia.<\/span><\/li><li style=\"font-weight: 400;\" aria-level=\"1\"><span style=\"font-weight: 400;\">Est\u00e1 Prohibido\u00a0 alterar el uso de las marcas, logos y dem\u00e1s signos distintivos, tanto de la PUJ como de terceros que aparezcan en El Sitio.<\/span><\/li><\/ul>\t\t\t\t\t\t\t\t<\/div>\n\t\t\t\t<\/div>\n\t\t\t\t<div class=\"elementor-element elementor-element-29641c5 elementor-widget elementor-widget-text-editor\" data-id=\"29641c5\" data-element_type=\"widget\" data-widget_type=\"text-editor.default\">\n\t\t\t\t<div class=\"elementor-widget-container\">\n\t\t\t\t\t\t\t\t\t<p><span style=\"font-weight: 400;\">En todo caso, el usuario entiende y acepta que el Partido Colombia Renaciente (PCR)\u00a0 se reserva el derecho de tomar acciones de \u00edndole administrativo y legal contra cualquier usuario que, a juicio del (PCR) , haga uso indebido de\u00a0<\/span><b>EL SITIO PCR<\/b> <span style=\"font-weight: 400;\">(<\/span><a href=\"http:\/\/www.partidocolombiarenaciente.co\"><span style=\"font-weight: 400;\">www.partidocolombiarenaciente.co<\/span><\/a><span style=\"font-weight: 400;\"> )<\/span><span style=\"font-weight: 400;\"> . Lo anterior implica que el usuario se hace responsable de indemnizar cualquier da\u00f1o causado tanto al (PCR)\u00a0 como a terceros que vean vulnerados sus derechos con su actuaci\u00f3n.<\/span><\/p>\t\t\t\t\t\t\t\t<\/div>\n\t\t\t\t<\/div>\n\t\t\t\t<div class=\"elementor-element elementor-element-f55a9d1 elementor-widget elementor-widget-heading\" data-id=\"f55a9d1\" data-element_type=\"widget\" data-widget_type=\"heading.default\">\n\t\t\t\t<div class=\"elementor-widget-container\">\n\t\t\t\t\t<h4 class=\"elementor-heading-title elementor-size-default\">2. Aceptaci\u00f3n de T\u00e9rminos y Condiciones<\/h4>\t\t\t\t<\/div>\n\t\t\t\t<\/div>\n\t\t\t\t<div class=\"elementor-element elementor-element-0e370b5 elementor-widget elementor-widget-text-editor\" data-id=\"0e370b5\" data-element_type=\"widget\" data-widget_type=\"text-editor.default\">\n\t\t\t\t<div class=\"elementor-widget-container\">\n\t\t\t\t\t\t\t\t\t<p><span style=\"font-weight: 400;\">\u00a0El Usuario entiende y acepta que el (PCR)\u00a0 no se compromete o se hace responsable por los comentarios y las opiniones publicadas por los usuarios en los diferentes espacios abiertos para este fin en<\/span><b> EL SITIO PCR <\/b><span style=\"font-weight: 400;\">(<\/span><a href=\"http:\/\/www.partidocolombiarenaciente.co\"><span style=\"font-weight: 400;\">www.partidocolombiarenaciente.co<\/span><\/a><span style=\"font-weight: 400;\"> )<\/span><span style=\"font-weight: 400;\">\u00a0 .<\/span><\/p><p><span style=\"font-weight: 400;\">De igual forma, el usuario entiende que\u00a0 el (PCR) realiza esfuerzos administrativos, t\u00e9cnicos y tecnol\u00f3gicos para mantener su sitio libre de virus y software malicioso, sin embargo, el usuario acepta que de ninguna forma el (PCR)\u00a0 garantiza la ausencia de elementos que puedan producir alteraciones o da\u00f1os en su sistema inform\u00e1tico, por lo que no se hace responsable por las referidas alteraciones.<\/span><\/p>\t\t\t\t\t\t\t\t<\/div>\n\t\t\t\t<\/div>\n\t\t\t\t<div class=\"elementor-element elementor-element-78805a0 elementor-widget elementor-widget-heading\" data-id=\"78805a0\" data-element_type=\"widget\" data-widget_type=\"heading.default\">\n\t\t\t\t<div class=\"elementor-widget-container\">\n\t\t\t\t\t<h4 class=\"elementor-heading-title elementor-size-default\">3. Informaci\u00f3n y sitios Web de terceros<\/h4>\t\t\t\t<\/div>\n\t\t\t\t<\/div>\n\t\t\t\t<div class=\"elementor-element elementor-element-4bc2d62 elementor-widget elementor-widget-text-editor\" data-id=\"4bc2d62\" data-element_type=\"widget\" data-widget_type=\"text-editor.default\">\n\t\t\t\t<div class=\"elementor-widget-container\">\n\t\t\t\t\t\t\t\t\t<p><span style=\"font-weight: 400;\">\u00a0El Usuario entiende y acepta que el (PCR)\u00a0 no se compromete o se hace responsable por los comentarios y las opiniones publicadas por los usuarios en los diferentes espacios abiertos para este fin en<\/span><b> EL SITIO PCR <\/b><span style=\"font-weight: 400;\">(<\/span><a href=\"http:\/\/www.partidocolombiarenaciente.co\"><span style=\"font-weight: 400;\">www.partidocolombiarenaciente.co<\/span><\/a><span style=\"font-weight: 400;\"> )<\/span><span style=\"font-weight: 400;\">\u00a0 .<\/span><\/p><p><span style=\"font-weight: 400;\">De igual forma, el usuario entiende que\u00a0 el (PCR) realiza esfuerzos administrativos, t\u00e9cnicos y tecnol\u00f3gicos para mantener su sitio libre de virus y software malicioso, sin embargo, el usuario acepta que de ninguna forma el (PCR)\u00a0 garantiza la ausencia de elementos que puedan producir alteraciones o da\u00f1os en su sistema inform\u00e1tico, por lo que no se hace responsable por las referidas alteraciones.<\/span><\/p>\t\t\t\t\t\t\t\t<\/div>\n\t\t\t\t<\/div>\n\t\t\t\t<div class=\"elementor-element elementor-element-0710978 elementor-widget elementor-widget-heading\" data-id=\"0710978\" data-element_type=\"widget\" data-widget_type=\"heading.default\">\n\t\t\t\t<div class=\"elementor-widget-container\">\n\t\t\t\t\t<h4 class=\"elementor-heading-title elementor-size-default\">4.  Propiedad Intelectual y Derechos Reservados sobre los contenidos publicados<\/h4>\t\t\t\t<\/div>\n\t\t\t\t<\/div>\n\t\t\t\t<div class=\"elementor-element elementor-element-ecc3397 elementor-widget elementor-widget-text-editor\" data-id=\"ecc3397\" data-element_type=\"widget\" data-widget_type=\"text-editor.default\">\n\t\t\t\t<div class=\"elementor-widget-container\">\n\t\t\t\t\t\t\t\t\t<p><span style=\"font-weight: 400;\">En<\/span><b> EL SITIO PCR<\/b> <span style=\"font-weight: 400;\">(<\/span><a href=\"http:\/\/www.partidocolombiarenaciente.co\"><span style=\"font-weight: 400;\">www.partidocolombiarenaciente.co<\/span><\/a><span style=\"font-weight: 400;\"> )<\/span><span style=\"font-weight: 400;\">\u00a0 <\/span><span style=\"font-weight: 400;\">su dise\u00f1o, los contenidos de todo tipo, bases de datos, repositorios, interfaces, Look and Feel, herramientas, apps, Software y dem\u00e1s materiales se encuentran protegidos por las normas internacionales y nacionales vigentes sobre Propiedad Intelectual, por lo tanto su utilizaci\u00f3n, reproducci\u00f3n, comunicaci\u00f3n p\u00fablica, puesta a disposici\u00f3n, transformaci\u00f3n, distribuci\u00f3n, alquiler, pr\u00e9stamo p\u00fablico e importaci\u00f3n, total o parcial, en todo o en parte, en formato impreso, digital y en general por cualquier medio conocido o por conocer en el estado de la t\u00e9cnica, se encuentran prohibidos, y solo ser\u00e1n l\u00edcitos en la medida en que se cuente con la autorizaci\u00f3n previa y expresa por escrito del Partido Colombia Renaciente. Las limitaciones y excepciones al Derecho de Autor solo ser\u00e1n aplicables en la medida en que se den dentro de los denominados Usos Honrados (<\/span><i><span style=\"font-weight: 400;\">Fair Use<\/span><\/i><span style=\"font-weight: 400;\">); es decir, siempre y cuando est\u00e9n previa y expresamente establecidas en disposici\u00f3n legal; no causen un grave e injustificado perjuicio a los intereses leg\u00edtimos del autor o titular; y no atenten contra la normal explotaci\u00f3n de la obra. En todo caso, cualquier uso, remisi\u00f3n o utilizaci\u00f3n mediante v\u00ednculos o links a los contenidos de p\u00e1gina Web del Partido Colombia Renaciente\u00a0 PCR, deber\u00e1n darse los cr\u00e9ditos respectivos institucionales, y respetarse la normativa vigente y aplicable sobre Derechos Morales.<\/span><\/p><p><span style=\"font-weight: 400;\">Las marcas, logos, nombre, ense\u00f1as, lemas y dem\u00e1s signos distintivos relacionados con el\u00a0 PCR, son de titularidad del Partido Colombia Renaciente en consecuencia, est\u00e1 prohibida su reproducci\u00f3n total o parcial, con independencia de que se trate de usos comerciales o no. Si desea hacer uso de cualquiera de estos signos distintivos o de los contenidos de\u00a0<\/span><b>EL SITIO PCR<\/b> <span style=\"font-weight: 400;\">(<\/span><a href=\"http:\/\/www.partidocolombiarenaciente.co\"><span style=\"font-weight: 400;\">www.partidocolombiarenaciente.co<\/span><\/a><span style=\"font-weight: 400;\"> )<\/span> <span style=\"font-weight: 400;\">, debe solicitar autorizaci\u00f3n previa y expresa a la PCR.<\/span><\/p>\t\t\t\t\t\t\t\t<\/div>\n\t\t\t\t<\/div>\n\t\t\t\t<div class=\"elementor-element elementor-element-29738b8 elementor-widget elementor-widget-heading\" data-id=\"29738b8\" data-element_type=\"widget\" data-widget_type=\"heading.default\">\n\t\t\t\t<div class=\"elementor-widget-container\">\n\t\t\t\t\t<h4 class=\"elementor-heading-title elementor-size-default\">5.  Propiedad Intelectual y Derechos Reservados sobre los contenidos publicados<\/h4>\t\t\t\t<\/div>\n\t\t\t\t<\/div>\n\t\t\t\t<div class=\"elementor-element elementor-element-dbbba25 elementor-widget elementor-widget-text-editor\" data-id=\"dbbba25\" data-element_type=\"widget\" data-widget_type=\"text-editor.default\">\n\t\t\t\t<div class=\"elementor-widget-container\">\n\t\t\t\t\t\t\t\t\t<p><span style=\"font-weight: 400;\">\u00a0Cualquier conflicto generado por la interpretaci\u00f3n de los presentes t\u00e9rminos y condiciones ser\u00e1 resuelto bajo lo establecido en la normativa interna y estatutos\u00a0 del Partido Colombia Renaciente , y en los aspectos que no est\u00e9n expresamente regulados en ellas, por lo establecido en las leyes de la Rep\u00fablica de Colombia. Cualquier conflicto o controversia generado por el cumplimiento de estos t\u00e9rminos y condiciones se resolver\u00e1 en primer lugar mediante arreglo directo entre las partes, transacci\u00f3n directa o conciliaci\u00f3n y seg\u00fan con los procedimientos legales establecidos en las leyes de la Rep\u00fablica de Colombia.<\/span><\/p><p><span style=\"font-weight: 400;\">Las marcas, logos, nombre, ense\u00f1as, lemas y dem\u00e1s signos distintivos relacionados con el\u00a0 PCR, son de titularidad del Partido Colombia Renaciente en consecuencia, est\u00e1 prohibida su reproducci\u00f3n total o parcial, con independencia de que se trate de usos comerciales o no. Si desea hacer uso de cualquiera de estos signos distintivos o de los contenidos de\u00a0<\/span><b>EL SITIO PCR<\/b> <span style=\"font-weight: 400;\">(<\/span><a href=\"http:\/\/www.partidocolombiarenaciente.co\"><span style=\"font-weight: 400;\">www.partidocolombiarenaciente.co<\/span><\/a><span style=\"font-weight: 400;\"> )<\/span> <span style=\"font-weight: 400;\">, debe solicitar autorizaci\u00f3n previa y expresa a la PCR.<\/span><\/p>\t\t\t\t\t\t\t\t<\/div>\n\t\t\t\t<\/div>\n\t\t\t\t<div class=\"elementor-element elementor-element-9642311 elementor-widget elementor-widget-heading\" data-id=\"9642311\" data-element_type=\"widget\" data-widget_type=\"heading.default\">\n\t\t\t\t<div class=\"elementor-widget-container\">\n\t\t\t\t\t<h4 class=\"elementor-heading-title elementor-size-default\">6.  Propiedad Intelectual y Derechos Reservados sobre los contenidos publicados<\/h4>\t\t\t\t<\/div>\n\t\t\t\t<\/div>\n\t\t\t\t<div class=\"elementor-element elementor-element-4936dcb elementor-widget elementor-widget-text-editor\" data-id=\"4936dcb\" data-element_type=\"widget\" data-widget_type=\"text-editor.default\">\n\t\t\t\t<div class=\"elementor-widget-container\">\n\t\t\t\t\t\t\t\t\t<p><span style=\"font-weight: 400;\">\u00a0Los presentes t\u00e9rminos y condiciones de uso rigen para todos los servicios y comunicaciones, actuales o futuros, y abarcan a todos aquellos usuarios o terceros que accedan, permanezcan o hagan uso de\u00a0<\/span><b>EL SITIO PCR<\/b> <span style=\"font-weight: 400;\">(<\/span><a href=\"http:\/\/www.partidocolombiarenaciente.co\"><span style=\"font-weight: 400;\">www.partidocolombiarenaciente.co<\/span><\/a><span style=\"font-weight: 400;\"> )<\/span> <span style=\"font-weight: 400;\">.<\/span><\/p><p><span style=\"font-weight: 400;\">En todo caso, el Partido Colombia Renaciente\u00a0 se reserva el derecho a modificar y actualizar en cualquier momento y sin necesidad de previo aviso los presentes t\u00e9rminos y condiciones, los cuales entrar\u00e1n en vigor a partir de su publicaci\u00f3n en\u00a0<\/span><b> EL SITIO PCR<\/b> <span style=\"font-weight: 400;\">(<\/span><a href=\"http:\/\/www.partidocolombiarenaciente.co\"><span style=\"font-weight: 400;\">www.partidocolombiarenaciente.co<\/span><\/a><span style=\"font-weight: 400;\"> )<\/span><span style=\"font-weight: 400;\">\u00a0\u00a0<\/span><span style=\"font-weight: 400;\">.<\/span><\/p><p><span style=\"font-weight: 400;\">Las marcas, logos, nombre, ense\u00f1as, lemas y dem\u00e1s signos distintivos relacionados con el\u00a0 PCR, son de titularidad del Partido Colombia Renaciente en consecuencia, est\u00e1 prohibida su reproducci\u00f3n total o parcial, con independencia de que se trate de usos comerciales o no. Si desea hacer uso de cualquiera de estos signos distintivos o de los contenidos de\u00a0<\/span><b>EL SITIO PCR<\/b> <span style=\"font-weight: 400;\">(<\/span><a href=\"http:\/\/www.partidocolombiarenaciente.co\"><span style=\"font-weight: 400;\">www.partidocolombiarenaciente.co<\/span><\/a><span style=\"font-weight: 400;\"> )<\/span> <span style=\"font-weight: 400;\">, debe solicitar autorizaci\u00f3n previa y expresa a la PCR.<\/span><\/p>\t\t\t\t\t\t\t\t<\/div>\n\t\t\t\t<\/div>\n\t\t\t\t\t<\/div>\n\t\t<\/div>\n\t\t\t\t\t<\/div>\n\t\t<\/section>\n\t\t\t\t<\/div>\n\t\t","protected":false},"excerpt":{"rendered":"<p>T\u00c9RMINOS Y CONDICIONES DEL SITIO WEB DEL PARTIDO COLOMBIA RENACIENTE El suscrito Presidente y Representante Legal del Partido Colombia Renaciente, partido con personer\u00eda jur\u00eddica reconocida seg\u00fan Resoluci\u00f3n No. 575 del 19 de febrero de 2019 expedida por el Consejo Nacional electoral y, la Resoluci\u00f3n 8037 de 2021 establece\u00a0 los t\u00e9rminos y condiciones\u00a0 de la Pol\u00edtica [&hellip;]<\/p>\n","protected":false},"author":4,"featured_media":0,"parent":0,"menu_order":0,"comment_status":"closed","ping_status":"closed","template":"","meta":{"_monsterinsights_skip_tracking":false,"_monsterinsights_sitenote_active":false,"_monsterinsights_sitenote_note":"","_monsterinsights_sitenote_category":0,"site-sidebar-layout":"no-sidebar","site-content-layout":"page-builder","ast-site-content-layout":"full-width-container","site-content-style":"unboxed","site-sidebar-style":"unboxed","ast-global-header-display":"","ast-banner-title-visibility":"","ast-main-header-display":"","ast-hfb-above-header-display":"","ast-hfb-below-header-display":"","ast-hfb-mobile-header-display":"","site-post-title":"disabled","ast-breadcrumbs-content":"","ast-featured-img":"disabled","footer-sml-layout":"","theme-transparent-header-meta":"disabled","adv-header-id-meta":"","stick-header-meta":"default","header-above-stick-meta":"","header-main-stick-meta":"","header-below-stick-meta":"","astra-migrate-meta-layouts":"set","ast-page-background-enabled":"default","ast-page-background-meta":{"desktop":{"background-color":"","background-image":"","background-repeat":"repeat","background-position":"center center","background-size":"auto","background-attachment":"scroll","background-type":"","background-media":"","overlay-type":"","overlay-color":"","overlay-opacity":"","overlay-gradient":""},"tablet":{"background-color":"","background-image":"","background-repeat":"repeat","background-position":"center center","background-size":"auto","background-attachment":"scroll","background-type":"","background-media":"","overlay-type":"","overlay-color":"","overlay-opacity":"","overlay-gradient":""},"mobile":{"background-color":"","background-image":"","background-repeat":"repeat","background-position":"center center","background-size":"auto","background-attachment":"scroll","background-type":"","background-media":"","overlay-type":"","overlay-color":"","overlay-opacity":"","overlay-gradient":""}},"ast-content-background-meta":{"desktop":{"background-color":"var(--ast-global-color-5)","background-image":"","background-repeat":"repeat","background-position":"center center","background-size":"auto","background-attachment":"scroll","background-type":"","background-media":"","overlay-type":"","overlay-color":"","overlay-opacity":"","overlay-gradient":""},"tablet":{"background-color":"var(--ast-global-color-5)","background-image":"","background-repeat":"repeat","background-position":"center center","background-size":"auto","background-attachment":"scroll","background-type":"","background-media":"","overlay-type":"","overlay-color":"","overlay-opacity":"","overlay-gradient":""},"mobile":{"background-color":"var(--ast-global-color-5)","background-image":"","background-repeat":"repeat","background-position":"center center","background-size":"auto","background-attachment":"scroll","background-type":"","background-media":"","overlay-type":"","overlay-color":"","overlay-opacity":"","overlay-gradient":""}},"footnotes":""},"aioseo_notices":[],"_links":{"self":[{"href":"https:\/\/www.partidocolombiarenaciente.co\/web\/wp-json\/wp\/v2\/pages\/7022"}],"collection":[{"href":"https:\/\/www.partidocolombiarenaciente.co\/web\/wp-json\/wp\/v2\/pages"}],"about":[{"href":"https:\/\/www.partidocolombiarenaciente.co\/web\/wp-json\/wp\/v2\/types\/page"}],"author":[{"embeddable":true,"href":"https:\/\/www.partidocolombiarenaciente.co\/web\/wp-json\/wp\/v2\/users\/4"}],"replies":[{"embeddable":true,"href":"https:\/\/www.partidocolombiarenaciente.co\/web\/wp-json\/wp\/v2\/comments?post=7022"}],"version-history":[{"count":23,"href":"https:\/\/www.partidocolombiarenaciente.co\/web\/wp-json\/wp\/v2\/pages\/7022\/revisions"}],"predecessor-version":[{"id":12780,"href":"https:\/\/www.partidocolombiarenaciente.co\/web\/wp-json\/wp\/v2\/pages\/7022\/revisions\/12780"}],"wp:attachment":[{"href":"https:\/\/www.partidocolombiarenaciente.co\/web\/wp-json\/wp\/v2\/media?parent=7022"}],"curies":[{"name":"wp","href":"https:\/\/api.w.org\/{rel}","templated":true}]}}